992. What is the tens digit of p?
3
Let r = 431 + -199. Suppose -n = 3*n - r. What is the units digit of n - ((-8)/(-4) + -1)?
7
Let c(g) = -g**3 + g**2 + 5*g + 6. Let v be c(-3). Let x = v + -6. Suppose 7*d - 10*d = -x. What is the units digit of d?
7
Let u = -2358 - -10177. What is the hundreds digit of u?
8
Let o(a) = a**3 + 14*a**2 + 2*a + 27. Let q be o(-14). Suppose -3*f + 4*s = -38, 3*f - 3*s = 14 + 28. What is the tens digit of (f*q)/(3/(-8))?
4
Let u(v) = -v**2 + 13*v + 6. Let j be u(13). Suppose j*a = 6050 + 3052. What is the thousands digit of a?
1
Let q(r) = 627*r - 4597. What is the thousands digit of q(43)?
2
Suppose 363*o + 12 = 367*o. Suppose -2*z = -3*f - 1450, -1454 = -o*z + z + 2*f. What is the hundreds digit of z?
7
What is the ten thousands digit of 1/(28/12) + (-1272)/(-168) + 10036?
1
What is the hundreds digit of 6/(-8)*-4 + 6466 + 30?
4
Suppose -d + 8 = 59. Let v = d - -157. What is the tens digit of v?
0
Let o(d) = 4*d**2 + 393. Let r be (6/36*0)/2. What is the tens digit of o(r)?
9
What is the tens digit of (-785404)/(-50) - (-642)/(-8025)?
0
What is the thousands digit of (-10)/125 - (-29633594)/1175?
5
Let z(p) = -p**3 + p**2 + 8*p - 14. Let y be z(3). What is the hundreds digit of -3188*(-2 + (-14)/y)?
7
Let x = 13854 + -10674. What is the hundreds digit of x?
1
Let x(y) = 8*y**3 - 9*y + 13 - 93*y**2 + 23*y**3 + 50*y**2 + 49*y**2. What is the units digit of x(3)?
7
Suppose 104 = 4*k - g, 0 = -0*k + 4*k - 2*g - 104. Suppose 27*h - 882 = k*h. What is the hundreds digit of h?
8
Let k(g) be the first derivative of -g**2/2 + 86*g + 43. What is the units digit of k(21)?
5
Suppose -313*x + 305*x = -251664. Suppose 2*t + 19*t - x = 0. What is the tens digit of t?
9
Suppose -28*x + 23*x = -10. Suppose -7*z = -x*z - 75. Suppose -550 = 4*b - z*b. What is the tens digit of b?
5
Suppose -6*y + 929 - 281 = 0. Suppose -4*j - m + 143 = -4*m, -2*m = -3*j + y. Suppose -358 = -16*s - j. What is the tens digit of s?
2
Let g = 604 - 601. Suppose g*r = -3*u + 3465, -7*r = -12*r + u + 5793. What is the tens digit of r?
5
Let z(l) = -30*l + 282. Suppose -182*o = -186*o - 20. What is the tens digit of z(o)?
3
Suppose 19*y - 946 = -224. Let k be (y + -38)/((-4)/(-2)). Suppose k = -4*s + 7*s - 558. What is the tens digit of s?
8
Let b(t) = t**2 + 30*t + 122. Let y be b(-28). What is the units digit of y - ((-171)/54 - 10/12)?
0
Let s(x) be the second derivative of 25*x**4/12 - 26*x**3/3 + 11*x**2/2 + 36*x - 2. What is the tens digit of s(8)?
9
Let a = -46251 + 74313. What is the tens digit of a?
6
Let o(m) = 10 - m**2 - 7222*m + 7215*m + 43. What is the units digit of o(-11)?
9
Suppose 5712 = -4*g - 13*g. What is the tens digit of (g/(-32))/(2/84)?
4
Let d(y) = 11*y**3 + 2*y**2 - 12*y + 10. Let m be d(5). Suppose 5*p = -5*h + m, 2*h - 217 - 345 = 4*p. What is the hundreds digit of h?
2
What is the hundreds digit of (-4 - 2) + (-315)/(-15) + 3654?
6
Suppose 919*d + 264060 = 939*d. What is the ten thousands digit of d?
1
Suppose 252 - 101 = -y. Let k = y + 194. What is the tens digit of k?
4
Suppose 0 = 14*v + 4*v - 5238. Let f = -179 + v. What is the hundreds digit of f?
1
Let y(w) = 79*w**2 - 5*w - 7. Suppose 2*z = 2*d + 12, 3*d + 3*z - 9 = -3. What is the units digit of y(d)?
9
Let r(n) = n**2 + 3*n - 3. Let f be r(-3). Let a be 4/(-24)*-2*f. What is the units digit of 33 + -1*(a - 3)?
7
Let r = -2723 - -4067. Suppose -7*m = -m - r. Let h = -159 + m. What is the tens digit of h?
6
Let m = 28 - 28. Suppose 3*k = m, 0 = -h - 3*k + 3 + 1. Suppose 5*u = -2*x + 148 + 25, 0 = -x + h*u + 93. What is the units digit of x?
9
Let a = -24 + 24. Suppose 7*x - 12*x + 25 = 0. Suppose -3*y = 3*f - 321, y - x*f + 2*f - 91 = a. What is the units digit of y?
3
Suppose 5*r - 20 = 0, -59*b - 2*r = -57*b - 18200. What is the tens digit of b?
9
Suppose -3104 - 21411 - 38165 = -10*a. What is the units digit of a?
8
Suppose -8918 - 42 = -4*q + 4*z, 4*z + 4 = 0. Suppose q = 3*k - 4*l, 7*k = 3*k + 4*l + 2988. What is the units digit of k?
9
Let q be (1108/(-6))/((112/(-21))/8). Let j = q - -29. What is the hundreds digit of j?
3
Let s(q) = 251*q**2 + 2*q - 22. Let l be s(3). Suppose 7802 = 7*u - l. What is the units digit of u?
5
Let w(d) = 14*d**3 + d**2 - d + 1. Let c be w(1). Suppose -31*f = -28*f - c. Suppose 0 = 5*l - f*j - 600, 0 = 4*l + 2*j - 460 + 4. What is the tens digit of l?
1
Suppose -38104 = -8*z + 7376. What is the hundreds digit of z?
6
What is the hundreds digit of (75/(-15))/(40/(-31224))?
9
Let w(v) = -3*v + 21. Let r be w(5). Suppose -2*b = -2*t + 42, b - r = 2*b + 4*t. What is the tens digit of (-2)/6 - 1356/b?
7
Suppose 0 = -4*j + 41*j - 164539. What is the units digit of j?
7
Let n(l) = -l - 54. Let g(p) = p. Let f(k) = -2*g(k) - n(k). Let m be f(-15). Let z = m - -125. What is the units digit of z?
4
Let m(l) = -114*l - 60. Let k(f) = -56*f - 30. Let q(x) = -5*k(x) + 2*m(x). What is the tens digit of q(5)?
9
Let p(v) be the second derivative of v**4/4 + 59*v**3/6 + 48*v**2 - v - 43. What is the units digit of p(-31)?
0
Suppose 2*f = 3*w - 6, 5*w - 16 + 1 = 5*f. What is the hundreds digit of (-3 - 4/f)/((-3)/468)?
2
Let n be 4 + (-8)/(40/(-2045)). Suppose -3*u - n - 142 = -3*s, -2*s = u - 373. What is the tens digit of s?
8
Let y(c) = 266*c**3 + 12*c**2 - 87*c + 283. What is the hundreds digit of y(6)?
6
Let y(a) = -a**3 + 14*a**2 - 14*a + 9. Let p be y(13). Let n be ((-24)/(-18))/(p/18). What is the units digit of ((-16)/(-6) + -3 + -2)*n?
4
Suppose 0 = 8*t + 70 - 78. What is the tens digit of t + (3 + 3 + -5)*642?
4
Let o(v) = -46*v**3 + 3*v**2 + 16*v + 12. Let q be o(-3). Let c = -382 + q. What is the tens digit of c?
5
Let x(m) be the third derivative of 3*m**6/20 - m**5/30 - m**4/24 - m**3/3 + 120*m**2. What is the tens digit of x(3)?
6
Let b = 12386 - 4980. What is the thousands digit of b?
7
Let m(w) = w**3 + 9*w**2 + 9*w - 14. Let d be m(-10). Let j be 46/(-14) + 28/98. What is the units digit of j - (d + -5 + 2)?
4
Let s be 4/2 - ((3 - 82) + 0). Suppose 78*j = s*j + 3. Let w(k) = -38*k - 5. What is the tens digit of w(j)?
3
Let a(w) = -w**3 + 23*w**2 + 3*w - 29. Let r be a(24). Let i = 961 + r. What is the units digit of i?
8
Suppose -s = -5*g + g + 49, 0 = -2*g + 10. Let h = s - -31. Suppose 4*m + h*b - 637 = 79, b = 4. What is the tens digit of m?
7
Suppose 48*l = 5*l - 43. What is the units digit of (((-784)/(-24))/(-2))/(l/3)?
9
Let l = -156 - -156. Suppose -98*s + 102*s - 184 = l. What is the tens digit of s?
4
What is the tens digit of 316010/40 - 6 - (-20)/(-16)?
9
Let t = -482 + 282. What is the tens digit of (-6)/(-75) + ((-1880856)/t)/9?
4
Let u(a) = -20*a - 68. Let j be u(-6). Suppose v = j + 85. What is the units digit of v?
7
Let c(t) = 6*t**2 - 7*t + 13. Suppose q - 18 = -3*a, 3*a + 4*q = -a + 32. Let s be c(a). Suppose f = 5*u + 90, -f + s - 38 = 2*u. What is the tens digit of f?
9
Suppose -1458 = -l - d, 0 = 2*d + d - 12. Let z = l + -1017. What is the tens digit of z?
3
Suppose -95*p - 32533 + 251026 = -5802. What is the thousands digit of p?
2
Suppose -n = -3*s + 8*s - 35, 0 = -3*s + 3*n + 21. Suppose -i = 3 - s. Suppose h + 429 = i*h. What is the units digit of h?
3
Let n(u) = 2238*u**2 + 53*u - 234. What is the units digit of n(6)?
2
Let p be (6 + 63/(-14))/((-6)/(-64)). Suppose 0 = g - 2*x - 394, 11*x = p*x + 15. What is the tens digit of g?
8
Suppose 19*t = 13*t + 48. Let u be 16*-1*(-4)/t. Suppose 5*g - 632 = 2*q - 45, -u = -2*q. What is the tens digit of g?
1
Let j(z) = -z**3 + 40*z**2 - z - 426. What is the hundreds digit of j(34)?
4
Let p be 2/(-2 + 6)*6. Suppose p = -6*b + 21. What is the units digit of b/(-4)*(-74)/(-6)*-12?
1
Let q = -522 + 527. Suppose -q*m + 512 = k - 575, -4*k + 5*m + 4398 = 0. What is the units digit of k?
7
Suppose 0 = -4*x + 113 + 147. Let l = x - -106. What is the hundreds digit of l?
1
Suppose 5*w - 47 + 263 = 4*h, -5*w - 39 = -h. Let t = h - -166. What is the tens digit of t?
2
Let l be (1 + -3)*(-4)/1*-1. Let q(c) = -6*c + 73. What is the hundreds digit of q(l)?
1
Suppose 0 = -0*h + 2*h + 9*h - 454069. What is the units digit of h?
9
Let z be (-4)/(-1) + (14 - 11). Let m = 57 - 24. Let l = m - z. What is the units digit of l?
6
Let n(p) = -p**3 - p**2 - 2*p + 1811. Let q be